325 and 48971.
13
Calculate the highest common factor of 420 and 271740.
420
What is the greatest common factor of 9086 and 34?
2
What is the greatest common factor of 52096 and 72?
8
Calculate the highest common divisor of 92686 and 5808.
242
Calculate the greatest common factor of 406133 and 91.
91
Calculate the greatest common factor of 3575 and 8775.
325
Calculate the greatest common divisor of 142084 and 4.
4
Calculate the greatest common divisor of 39520 and 23360.
160
What is the greatest common divisor of 7731 and 27?
9
Calculate the greatest common divisor of 996 and 108979.
83
Calculate the highest common divisor of 10498 and 69310.
58
Calculate the greatest common factor of 10822 and 84.
14
Calculate the highest common factor of 1188 and 157476.
132
Calculate the highest common factor of 690 and 12006.
138
What is the highest common divisor of 88924 and 4324?
188
What is the greatest common divisor of 111 and 2516?
37
Calculate the highest common divisor of 112030 and 544.
34
What is the greatest common factor of 52111 and 3100?
31
Calculate the greatest common factor of 48 and 29912.
8
Calculate the highest common factor of 140 and 144865.
35
Calculate the greatest common divisor of 3776 and 13824.
64
What is the greatest common factor of 6298 and 5170?
94
What is the greatest common divisor of 1353150 and 306?
18
Calculate the highest common divisor of 1469 and 156.
13
Calculate the greatest common factor of 501 and 11189.
167
Calculate the highest common divisor of 32 and 6161.
1
Calculate the greatest common divisor of 907577 and 55.
11
What is the greatest common divisor of 40 and 510795?
5
Calculate the greatest common factor of 70 and 148435.
35
Calculate the highest common divisor of 8024956 and 4.
4
Calculate the greatest common divisor of 855 and 13205.
95
Calculate the greatest common factor of 44 and 2012.
4
What is the greatest common factor of 58 and 128354?
58
What is the greatest common divisor of 696 and 20736?
24
What is the greatest common divisor of 188253 and 7488?
117
What is the greatest common factor of 44354 and 134?
134
Calculate the highest common factor of 430820 and 10400.
260
Calculate the highest common divisor of 25322 and 506.
22
Calculate the greatest common divisor of 51337 and 143.
143
Calculate the greatest common factor of 271543 and 37.
37
Calculate the highest common divisor of 2547083 and 1463.
1463
What is the greatest common divisor of 2706 and 66858?
66
Calculate the greatest common factor of 105 and 107135.
35
Calculate the greatest common factor of 28 and 16506.
14
What is the highest common factor of 15 and 180861?
3
Calculate the highest common factor of 1464 and 264.
24
What is the greatest common divisor of 1957 and 4427?
19
Calculate the highest common factor of 304600 and 5.
5
Calculate the highest common factor of 1703793 and 546.
273
What is the greatest common factor of 292530 and 25?
5
Calculate the greatest common divisor of 349228 and 110.
22
Calculate the greatest common factor of 378 and 2880234.
126
Calculate the greatest common divisor of 28234 and 1102.
38
Calculate the highest common divisor of 10 and 8394290.
10
Calculate the highest common divisor of 6039 and 1463.
11
What is the greatest common factor of 306021 and 747?
249
What is the highest common factor of 4059 and 407?
11
Calculate the greatest common factor of 5214 and 111864.
474
Calculate the greatest common divisor of 14184 and 12186.
18
What is the greatest common divisor of 91944 and 99?
9
What is the highest common factor of 480 and 9300?
60
What is the highest common divisor of 350 and 121856?
14
Calculate the greatest common factor of 145408 and 160.
32
What is the highest common factor of 2274179 and 139?
139
What is the highest common factor of 225 and 9441?
9
Calculate the highest common divisor of 30 and 45858.
6
Calculate the highest common factor of 4364273 and 31.
31
What is the greatest common divisor of 33560 and 4?
4
What is the highest common divisor of 225 and 9?
9
What is the greatest common factor of 1350 and 4080?
30
What is the greatest common divisor of 284 and 1609428?
284
What is the highest common factor of 123265 and 74790?
1385
Calculate the highest common divisor of 434 and 15066.
62
What is the greatest common divisor of 4250 and 1360?
170
What is the highest common factor of 7887 and 3498?
33
What is the highest common factor of 33683 and 923?
13
Calculate the highest common divisor of 63877 and 473.
11
What is the highest common factor of 521922 and 111?
111
Calculate the greatest common divisor of 31021 and 926.
463
What is the greatest common divisor of 28 and 15673630?
14
Calculate the greatest common factor of 152305 and 830.
415
Calculate the highest common factor of 541583 and 35.
7
Calculate the highest common divisor of 16226 and 304.
38
Calculate the greatest common factor of 49038 and 1056.
66
Calculate the greatest common factor of 920 and 1495.
115
Calculate the greatest common divisor of 308 and 1745524.
44
What is the greatest common divisor of 1267 and 11041?
181
Calculate the greatest common divisor of 81 and 621.
27
Calculate the highest common divisor of 8700 and 1315150.
1450
Calculate the highest common divisor of 40561 and 329.
47
Calculate the highest common factor of 61 and 1870809.
61
What is the highest common factor of 135 and 40842?
9
What is the greatest common divisor of 12147 and 126?
3
What is the greatest common divisor of 473005 and 1729?
247
Calculate the highest common divisor of 182756 and 9821.
427
Calculate the greatest common divisor of 16 and 9942896.
16
What is the highest common factor of 2436580 and 290?
290
Calculate the highest common factor of 48 and 80628.
12
What is the highest common divisor of 10 and 2276?
2
Calculate the greatest common divisor of 3685350 and 750.
150
Calculate the greatest common factor of 70213 and 7722.
143
What is the highest common divisor of 302344 and 56?
56
What is the greatest common factor of 10309 and 122?
61
What is the greatest common factor of 23800 and 93296?
952
What is the greatest common factor of 92 and 756654?
46
What is the highest common divisor of 9510 and 29798?
634
What is the greatest common factor of 525 and 62265?
105
Calculate the greatest common factor of 5964 and 36352.
284
What is the highest common divisor of 21208 and 2812711?
2651
Calculate the greatest common divisor of 353968 and 160.
16
What is the highest common factor of 140150 and 650?
50
Calculate the highest common factor of 1792 and 2602880.
896
Calculate the greatest common factor of 35203 and 25991.
329
Calculate the greatest common factor of 484416 and 252.
36
What is the greatest common factor of 6328495 and 155?
155
Calculate the greatest common factor of 1377 and 12.
3
What is the highest common factor of 344 and 3526?
86
What is the greatest common factor of 8815 and 16031?
41
What is the greatest common divisor of 61461 and 207?
9
Calculate the greatest common factor of 2529 and 19.
1
Calculate the greatest common divisor of 73988 and 4537.
349
What is the highest common divisor of 30856 and 3382?
38
What is the highest common factor of 10 and 10667760?
10
Calculate the greatest common factor of 3339 and 207.
9
What is the highest common divisor of 217 and 527?
31
Calculate the greatest common factor of 5084 and 7872.
164
What is the highest common factor of 22767745 and 11?
11
What is the highest common factor of 96 and 26?
2
Calculate the greatest common divisor of 984 and 52336.
8
What is the highest common factor of 43507 and 5321?
313
What is the greatest common divisor of 428690 and 130?
10
Calculate the highest common divisor of 84420 and 700.
140
What is the highest common divisor of 119 and 406?
7
Calculate the highest common divisor of 75240 and 475.
95
Calculate the greatest common factor of 76 and 3208.
4
What is the highest common factor of 44302 and 34?
34
Calculate the highest common factor of 45040 and 48.
16
Calculate the greatest common divisor of 10 and 2037910.
10
What is the greatest common divisor of 775008 and 78?
78
Calculate the greatest common factor of 2352 and 274596.
588
Calculate the greatest common divisor of 144 and 14856.
24
What is the highest common divisor of 672 and 13